or of 372922926?
False
Is 445 a factor of 91520029?
False
Is 680797840 a multiple of 40?
True
Does 29 divide 36974710?
True
Is 34 a factor of 96558592?
False
Is 114554825 a multiple of 3202?
False
Is 92066966 a multiple of 332?
False
Is 34410801 a multiple of 303?
True
Is 647733230 a multiple of 1559?
False
Is 114103395 a multiple of 3584?
False
Is 29725656 a multiple of 408?
True
Is 6 a factor of 52803107?
False
Is 26597090 a multiple of 26?
True
Is 4224 a factor of 147396480?
True
Is 63780115 a multiple of 35?
True
Is 731292696 a multiple of 339?
False
Is 31 a factor of 17826147?
True
Is 152 a factor of 29037168?
True
Is 13 a factor of 754547088?
False
Does 2646 divide 305434068?
False
Does 5559 divide 6470676?
True
Is 1597 a factor of 59759740?
True
Does 1198 divide 162486540?
False
Is 3201861 a multiple of 19?
True
Is 49065885 a multiple of 47?
True
Is 18824468 a multiple of 60?
False
Is 25 a factor of 77778375?
True
Does 986 divide 285096970?
True
Is 1079984675 a multiple of 25?
True
Does 86 divide 31589716?
False
Does 35 divide 52370500?
True
Does 41 divide 1532434327?
True
Is 8139691 a multiple of 397?
True
Does 42 divide 6714656?
False
Is 59836619 a multiple of 3?
False
Is 190591755 a multiple of 16?
False
Is 34113009 a multiple of 2?
False
Is 40433682 a multiple of 227?
False
Is 1662366769 a multiple of 159?
False
Is 827877204 a multiple of 1386?
True
Does 101 divide 42317576?
False
Is 30169020 a multiple of 1308?
True
Does 819 divide 136340568?
True
Is 79307667 a multiple of 27?
True
Does 137 divide 928007175?
True
Is 76 a factor of 5622261?
False
Does 159 divide 58383369?
True
Is 919 a factor of 106109085?
False
Is 168983662 a multiple of 8?
False
Is 229 a factor of 30583451?
False
Is 399744661 a multiple of 10?
False
Does 96 divide 23838912?
True
Is 2060841109 a multiple of 257?
True
Is 68 a factor of 1410318559?
False
Does 214 divide 581142?
False
Is 472 a factor of 2684701985?
False
Does 78 divide 811258422?
True
Is 6 a factor of 27199188?
True
Does 61 divide 2956996?
False
Does 48 divide 399407520?
True
Is 27994321 a multiple of 39?
False
Is 1712938317 a multiple of 1133?
False
Does 1619 divide 153162257?
True
Is 60 a factor of 130140120?
True
Does 53 divide 113406411?
False
Does 816 divide 287393568?
True
Is 146550934 a multiple of 516?
False
Is 49444250 a multiple of 25?
True
Is 189546052 a multiple of 431?
False
Is 589 a factor of 6121477?
True
Is 425632480 a multiple of 184?
True
Is 123 a factor of 105231297?
True
Is 4724351 a multiple of 404?
False
Does 1261 divide 957823496?
False
Does 195 divide 1453053183?
False
Is 929 a factor of 34769323?
False
Does 4317 divide 97037526?
True
Does 11 divide 1364953458?
True
Is 250878051 a multiple of 9?
True
Is 18 a factor of 419312646?
True
Does 2335 divide 40552183?
False
Is 213 a factor of 184981429?
False
Does 1214 divide 15705518?
True
Is 4297804 a multiple of 96?
False
Does 26 divide 11894290?
False
Is 392 a factor of 3107384?
True
Is 267 a factor of 49117587?
True
Is 12254207 a multiple of 217?
True
Is 136001598 a multiple of 51?
True
Is 4648 a factor of 311160360?
True
Is 7986937 a multiple of 66?
False
Is 171041805 a multiple of 3495?
True
Is 73134824 a multiple of 56?
True
Does 528 divide 377160689?
False
Is 102757209 a multiple of 166?
False
Does 4287 divide 2776402671?
True
Is 4616 a factor of 117521773?
False
Does 1044 divide 1049156316?
True
Is 42361596 a multiple of 148?
True
Is 101737240 a multiple of 2707?
False
Does 1103 divide 236895521?
False
Does 69 divide 25752594?
True
Is 1034 a factor of 5847270?
True
Is 55 a factor of 450119395?
True
Is 309894617 a multiple of 1516?
False
Is 2 a factor of 36387960?
True
Does 1107 divide 43379347?
False
Is 155807625 a multiple of 4?
False
Does 114 divide 129682493?
False
Is 13 a factor of 410423661?
False
Does 162 divide 118610281?
False
Is 69 a factor of 37095090?
True
Is 307 a factor of 95076058?
True
Is 824990073 a multiple of 31?
True
Does 2338 divide 1817448976?
True
Does 1242 divide 2337768680?
False
Does 189 divide 22446356?
False
Does 26 divide 126923575?
False
Does 75 divide 446219608?
False
Does 80 divide 113514640?
True
Is 156427458 a multiple of 30?
False
Is 11199075 a multiple of 1355?
True
Is 1014148770 a multiple of 2914?
False
Is 918243140 a multiple of 307?
True
Is 359491718 a multiple of 10?
False
Is 13 a factor of 14381599?
False
Is 44403816 a multiple of 19?
False
Is 24 a factor of 944496240?
True
Is 66926172 a multiple of 12?
True
Is 30 a factor of 475433?
False
Is 683 a factor of 1959525874?
False
Does 98 divide 1080581932?
False
Is 11 a factor of 1420266243?
True
Does 1576 divide 1296961553?
False
Is 521983290 a multiple of 14?
False
Is 91598117 a multiple of 2281?
True
Is 461159450 a multiple of 25?
True
Does 41 divide 46237225?
False
Does 63 divide 383822829?
False
Is 4 a factor of 34272440?
True
Does 55 divide 2997814712?
False
Does 3 divide 5442524?
False
Does 333 divide 2436989904?
True
Does 130 divide 19765720?
True
Is 92 a factor of 902865292?
False
Is 1152711580 a multiple of 233?
True
Is 722440350 a multiple of 230?
True
Is 18 a factor of 143498555?
False
Does 3036 divide 330998927?
False
Is 658882950 a multiple of 66?
True
Is 1072179074 a multiple of 681?
False
Is 27 a factor of 9692731?
False
Is 46196579 a multiple of 106?
False
Does 37 divide 530984539?
False
Does 24 divide 860064864?
True
Is 999 a factor of 1449686862?
True
Does 1346 divide 2894896720?
False
Is 131538876 a multiple of 4?
True
Is 117482765 a multiple of 415?
True
Is 10 a factor of 15397154?
False
Is 66247328 a multiple of 2848?
True
Is 121 a factor of 335855765?
False
Does 26 divide 260524827?
False
Is 480247323 a multiple of 3534?
False
Is 3559289 a multiple of 168?
False
Does 5 divide 44479979?
False
Is 320 a factor of 4766636?
False
Is 25281518 a multiple of 1322?
False
Is 134762722 a multiple of 1333?
False
Is 130938 a multiple of 56?
False
Is 2092026 a multiple of 15?
False
Is 156362228 a multiple of 22?
True
Does 5 divide 5142305?
True
Does 7 divide 766143?
True
Is 96136133 a multiple of 12?
False
Does 1983 divide 56279523?
True
Is 730266972 a multiple of 11?
False
Does 119 divide 16748110?
False
Is 404633655 a multiple of 1935?
True
Is 758 a factor of 167531644?
True
Does 10 divide 906666443?
False
Is 1901983963 a multiple of 62?
False
Does 605 divide 15616964?
False
Does 92 divide 60594144?
True
Is 4403029 a multiple of 56?
False
Is 8854 a factor of 523475042?
True
Is 447317753 a multiple of 224?
False
Is 169 a factor of 18923606?
True
Is 55378015 a multiple of 1733?
True
Does 776 divide 2740983320?
True
Is 140630704 a multiple of 76?
True
Is 10097208 a multiple of 506?
False
Is 194 a factor of 197465801?
False
Is 38264912 a multiple of 1736?
True
Is 73 a factor of 90268588?
True
Is 479113640 a multiple of 212?
True
Does 9 divide 10441674?
True
Is 109851348 a multiple of 204?
True
Does 12 divide 392284884?
True
Is 3 a factor of 396585069?
True
Is 9 a factor of 399910527?
True
Is 8 a factor of 1841221?
False
Is 19479924 a multiple of 6?
True
Does 10 divide 2532701674?
False
Is 1461529611 a multiple of 1997?
False
Is 24652936 a multiple of 124?
True
Is 301267126 a multiple of 9845?
False
Is 14 a factor of 1493765949?
False
Is 219601500 a multiple of 150?
True
Is 5 a factor of 5727234?
False
Does 358 divide 4625709451?
False
Does 63 divide 4538331?
True
Is 202570416 a multiple of 596?
False
Is 384665895 a multiple of 41?
True
Is 472 a factor of 7821984?
True
Is 22632813 a multiple of 21?
True
Does 9 divide 3631178?
False
Does 19 divide 46556213?
True
Is 51359773 a multiple of 22?
False
Does 26 divide 25101882?
True
Is 2759 a factor of 52950728?
True
Does 2540 divide 40629840?
True
Does 5302 divide 1297411974?
False
Is 32184110 a multiple of 336?
False
Is 35 a factor of 43067694?
False
Is 553997079 a multiple of 17?
False
Does 2161 divide 895308783?
True
Does 518 divide 81280460?
False
Is 50099702 a multiple of 75?
False
Is 94 a factor of 89000105?
False
Does 34 divide 35863268?
True
Is 3692744 a multiple of 44?
True
Does 2300 divide 34205600?
True
Is 80 a factor of 43794840?
False
Is 517 a factor of 63538896?
False
Does 7 divide 34728585?
False
Is 430743245 a multiple of 59?
False
Does 31 divide 62069802?
False
Is 797